tor of r and b?
4
Suppose -223 = -7*r + 2059. Let h = r + -179. What is the greatest common factor of 21 and h?
21
Suppose -2*q + 331 = 4*j + 27, 2*q + 4 = 0. Let r = j + -53. Let z(l) = l**3 - 4*l**2 - 4*l + 1. Let o be z(5). Calculate the highest common factor of r and o.
6
Let h = 13 + -13. Suppose 0 = -4*g - 2*o + 58, -4*g + 70 = -h*g - 2*o. Suppose 2*q - 24 - g = 0. What is the highest common divisor of 160 and q?
20
Let p = -2 - -19. Suppose 0 = -19*n + p*n + 22. Let t be 11*((-2)/2 - -12). What is the greatest common factor of t and n?
11
Let g(w) = -w**3 + w**2 + 69*w + 10. Let k be g(-10). Calculate the highest common factor of k and 36.
12
Suppose 10*n = 11*n - 3. What is the greatest common factor of n and 27?
3
Suppose -5*r + 20 = -5. Suppose 2*p + 42 = 4*z - 40, 0 = r*p + 5. Suppose 0 = -3*j - 0*j + 24. Calculate the highest common divisor of z and j.
4
Let x(q) = -7*q - 15. Let o be x(-6). Let a = -19 + o. What is the highest common divisor of 20 and a?
4
Suppose 11*w - 12 = 9*w. Let n(l) = -l**3 + 4*l**2 + 14*l - 7. Let y be n(w). Let h be -1 - -3 - (-2 - 31). What is the highest common factor of h and y?
5
Suppose 12*b = -5*b + 1785. What is the greatest common divisor of 120 and b?
15
Let d = 36 + -38. Let c be 132/((-15)/12 - d). Suppose 10 = -r + 26. What is the greatest common factor of c and r?
16
Let y(r) = 2*r**2 + 3*r - 4. Let q be y(3). Suppose 32 = 5*w + 22. Suppose -q = -3*v + 2*c, 4*v - 34 = w*c - c. What is the greatest common factor of v and 81?
9
Suppose k + 31*l - 49 = 28*l, 5*k = 5*l + 185. What is the highest common divisor of 10 and k?
10
Suppose 35*i = -610 + 2010. Calculate the highest common divisor of 152 and i.
8
Suppose -f - 2 = -4*d, -22 = -4*f + d - 0. Calculate the greatest common factor of f and 906.
6
Let p(x) = 2*x**2 + 5*x + 13. Let t be ((-1)/(-6)*8)/(6/(-27)). Let a be p(t). What is the highest common factor of a and 5?
5
Let f = 777 + -649. Calculate the highest common factor of 56 and f.
8
Let u be 298/3 - (280/30)/7. What is the greatest common factor of u and 245?
49
Let d = -37 - -737. Calculate the highest common factor of 200 and d.
100
Suppose n + 4 = -4*a, 4*n - 5*a - 24 = -a. Suppose -n*z + 64 = -0*z. Let v(f) = f**2 - 2*f - 8. Let k be v(6). What is the highest common divisor of z and k?
16
Let s be 1990/6 + 25/(-15). Calculate the greatest common factor of s and 30.
30
Let n = 139 - 46. Suppose 0*v = -3*v + n. Calculate the greatest common factor of v and 31.
31
Suppose 2*g + 58 = 2*s, g + 60 = -5*s + 223. Let a be (8/10)/(7/70). What is the highest common factor of a and s?
8
Let v = 1069 - 1015. What is the greatest common divisor of 6 and v?
6
Suppose t - 4 = 0, 0 = -l + 5*l + 4*t + 68. Let m(b) = -b**3 - 22*b**2 - 20*b + 25. Let c be m(l). What is the highest common divisor of c and 4?
4
Let m(b) = b**3 - 5*b**2 + 3*b + 9. Let s be m(5). Suppose 0 = 5*q - 9*q + s. Let a be (2 - (-1 - 30))*2. What is the highest common divisor of a and q?
6
Let w(i) = -13*i**2 + 119*i - 10. Let d be w(9). Let t(z) = -11*z - 10. Let a be t(-6). What is the greatest common divisor of d and a?
8
Let w(y) = 12*y - 4. Let x be w(6). Let m = x - 24. Let h = -95 - -205. What is the greatest common divisor of h and m?
22
Suppose 2*u + 1020 = 12*u. Calculate the highest common factor of 51 and u.
51
Let v(b) = -2*b + 2. Let u be v(-1). Let f = -20 - -40. Suppose 0*o = -2*o + f. What is the highest common factor of u and o?
2
Let m = -95 + 11. Let z = -67 - m. Calculate the highest common factor of z and 153.
17
Let o = 2 + 2. Suppose -z + 10 = 3*a + 4*z, 2*z - o = -3*a. Suppose -v - 4*b = -a*v - 13, 0 = -3*v + 3*b - 6. What is the highest common factor of v and 7?
1
Suppose o + 14 - 17 = 0. Suppose -f = o*g - 358, g - 139 = -f + 223. What is the greatest common factor of f and 52?
52
Let l be 112/6 + (-2)/3. Suppose -3*w + 165 = 159. What is the highest common divisor of w and l?
2
Suppose 5*f - s - 214 = f, -f = -s - 55. Let r be -62*(-150)/60 - -2*2. Calculate the greatest common factor of r and f.
53
Let c = 173 + -146. What is the highest common divisor of c and 3?
3
Let l = -968 + 1034. Let k(d) = 100*d**2 - 1. Let a be k(1). Calculate the greatest common divisor of a and l.
33
Let i be (6/(-12))/(3/24) - -124. Calculate the highest common factor of i and 72.
24
Let l be (246/(-12))/((-3)/6). Let g = l + 29. What is the highest common divisor of g and 10?
10
Suppose 6*d - 3*d = 6, -4*j + d = -302. What is the greatest common divisor of j and 266?
38
Suppose -k - 303 = -5*o, 0*o = 4*o - 5*k - 255. Calculate the greatest common divisor of o and 12.
12
Suppose 49 = 2*y + 19. Suppose -n = -6*n + y. Calculate the greatest common factor of n and 2.
1
Let f be (22/(-4))/(7/(-70)). Let u(g) = 2*g**3 - 5*g**2 + 7*g - 5. Let h be u(2). Calculate the highest common factor of f and h.
5
Let p(f) = -117*f**3 + 2*f**2 - 2*f - 4. Let o be p(-1). What is the highest common divisor of o and 52?
13
Let d = 88 + -77. Calculate the greatest common divisor of d and 264.
11
Let o(y) = y**2 - 48*y + 21. Let j be o(0). Suppose -w + 1 = -1. Suppose -4*v + 42 = -w*v. Calculate the highest common divisor of v and j.
21
Let u be ((1 - 0) + -63)/(481/(-3367)). What is the greatest common factor of 62 and u?
62
Let z = -179 - -186. Calculate the highest common factor of z and 224.
7
Suppose -6*s - 10 = -11*s. Let z = 6 + 26. Let g = z - 16. Calculate the greatest common factor of s and g.
2
Suppose -3*s - 23 = -4*m, -s + 2*m - 4 - 3 = 0. Let v be (-3 + (-57)/s)*3. Let j = -32 + 37. Calculate the greatest common factor of j and v.
5
Let f(z) = z**2 + 2*z + 1. Let j be f(-1). Suppose 2*h + 4 - 2 = j. Let n(o) = 18*o**2 - o. Let u be n(h). Calculate the highest common divisor of 57 and u.
19
Let h(t) = -t + 12. Suppose 8 - 36 = 2*x - 2*y, 3*x = 5*y - 44. Let m = x - 4. Let j be h(m). Calculate the highest common divisor of 261 and j.
29
Suppose 0 = -63*g + 28*g + 44730. What is the highest common divisor of 18 and g?
18
Let h be (4/(-3))/((-4)/66). Let k(v) = 2*v + 6. Let q be k(-5). Let c(j) = j**2 - 9*j + 3. Let u be c(q). What is the greatest common factor of u and h?
11
Let h be (-10)/(-6)*(-3 - -6). Let q = 8 - h. Let b = 5 - q. Calculate the greatest common divisor of b and 16.
2
Suppose x + 0 = -1. Let f(t) = 26*t**2. Let b be f(x). Let n = 68 - b. What is the greatest common divisor of 14 and n?
14
Let f = -24 - 0. Let q = 1 - f. Let w = 34 - q. Calculate the greatest common divisor of w and 63.
9
Suppose -3*p + 3*z = -4*p - 5, -4*p = 2*z. Let t = -18 + 19. Calculate the greatest common divisor of p and t.
1
Suppose -t = 2 - 18. Let b(z) = z**2 - 13*z - 136. Let g be b(-8). What is the greatest common factor of g and t?
16
Suppose -m = 5*l - 21, 70 - 7 = 3*m - 5*l. What is the highest common factor of 6 and m?
3
Let k(r) = 48*r**2 - 52*r + 4. Let v be k(3). Calculate the greatest common factor of v and 16.
8
Suppose 0*l + 96 = 5*l - 4*h, -80 = -4*l + 4*h. Let q = 978 - 866. What is the highest common factor of l and q?
16
Let z = 59 - 57. Suppose 4*k - 2*k = z*v - 104, 2*v - 96 = 4*k. Let r be (-4 - -1)*16/(-6). Calculate the greatest common divisor of v and r.
8
Let d = -6 + 10. Let u(h) = -d - 24*h + 4*h - 8 + h. Let l be u(-8). What is the highest common divisor of l and 28?
28
Suppose -481 = -3*g - p, g + 4*p - 163 = p. Calculate the greatest common divisor of 5 and g.
5
Let l(u) = 3*u - 9. Let z be l(4). Suppose 0 = -5*p + 6*i - i - 5, z*i - 3 = -p. Suppose -5*r + 692 + 568 = p. Calculate the highest common factor of 28 and r.
28
Let w be 1 + 24/(-9)*3. Let a = -57 - w. Let o be 204/10 - (-20)/a. Calculate the greatest common factor of 50 and o.
10
Suppose 0 = -v + 3*s, -2*v - 5*s + 30 = 8. Calculate the greatest common divisor of v and 6.
6
Let i(t) = t**3 - 4*t**2 + 8*t - 11. Let g be i(5). Let x = g + 45. Calculate the highest common factor of x and 11.
11
Let k(y) = y**2 - 3*y + 6. Let t be k(5). Let i be (t/10)/(-4)*-215. Let v = i + -58. What is the greatest common factor of 4 and v?
4
Let n be ((-12)/10)/(-14 - (-12576)/900). Calculate the greatest common divisor of n and 45.
45
Let s(p) = 3*p**2 + 2*p + 7. Suppose -3*q - 28 = -7*q. Let m be s(q). What is the greatest common factor of m and 21?
21
Let l = -7